{"id":4156,"date":"2021-04-21T16:17:19","date_gmt":"2021-04-21T19:17:19","guid":{"rendered":"http:\/\/www.liceomixto.cl\/losandes\/?page_id=4156"},"modified":"2021-04-21T16:39:01","modified_gmt":"2021-04-21T19:39:01","slug":"micro-editorial","status":"publish","type":"page","link":"https:\/\/www.liceomixto.cl\/losandes\/micro-editorial\/","title":{"rendered":"Micro Editorial"},"content":{"rendered":"\t\t<div data-elementor-type=\"wp-page\" data-elementor-id=\"4156\" class=\"elementor elementor-4156\">\n\t\t\t\t\t\t<section class=\"elementor-section elementor-top-section elementor-element elementor-element-c00ea8c elementor-section-height-min-height elementor-section-boxed elementor-section-height-default elementor-section-items-middle\" data-id=\"c00ea8c\" data-element_type=\"section\" data-e-type=\"section\" data-settings=\"{&quot;background_background&quot;:&quot;classic&quot;}\">\n\t\t\t\t\t\t\t<div class=\"elementor-background-overlay\"><\/div>\n\t\t\t\t\t\t\t<div class=\"elementor-container elementor-column-gap-default\">\n\t\t\t\t\t<div class=\"elementor-column elementor-col-100 elementor-top-column elementor-element elementor-element-98cb147\" data-id=\"98cb147\" data-element_type=\"column\" data-e-type=\"column\">\n\t\t\t<div class=\"elementor-widget-wrap elementor-element-populated\">\n\t\t\t\t\t\t<div class=\"elementor-element elementor-element-87bb49b elementor-widget elementor-widget-page-title\" data-id=\"87bb49b\" data-element_type=\"widget\" data-e-type=\"widget\" data-settings=\"{&quot;align&quot;:&quot;left&quot;,&quot;align_mobile&quot;:&quot;center&quot;}\" data-widget_type=\"page-title.default\">\n\t\t\t\t<div class=\"elementor-widget-container\">\n\t\t\t\t\t\t\t\n\t\t<div class=\"hfe-page-title hfe-page-title-wrapper elementor-widget-heading\">\n\n\t\t\t\t\t\t\t\t\t\t\t<a href=\"https:\/\/www.liceomixto.cl\/losandes\">\n\t\t\t\t\t\t<h1 class=\"elementor-heading-title elementor-size-default\">\n\t\t\t\t\t\t\t\t\n\t\t\t\tMicro Editorial  \n\t\t\t<\/h1 > \n\t\t\t\t\t\t\t\t\t<\/a>\n\t\t\t\t\t<\/div>\n\t\t\t\t\t\t<\/div>\n\t\t\t\t<\/div>\n\t\t\t\t\t<\/div>\n\t\t<\/div>\n\t\t\t\t\t<\/div>\n\t\t<\/section>\n\t\t\t\t<section class=\"elementor-section elementor-top-section elementor-element elementor-element-bc497dc elementor-section-boxed elementor-section-height-default elementor-section-height-default\" data-id=\"bc497dc\" data-element_type=\"section\" data-e-type=\"section\" data-settings=\"{&quot;background_background&quot;:&quot;classic&quot;}\">\n\t\t\t\t\t\t<div class=\"elementor-container elementor-column-gap-default\">\n\t\t\t\t\t<div class=\"elementor-column elementor-col-50 elementor-top-column elementor-element elementor-element-f1bd1d2\" data-id=\"f1bd1d2\" data-element_type=\"column\" data-e-type=\"column\">\n\t\t\t<div class=\"elementor-widget-wrap elementor-element-populated\">\n\t\t\t\t\t\t<div class=\"elementor-element elementor-element-d096916 tabs-descargas elementor-widget elementor-widget-text-editor\" data-id=\"d096916\" data-element_type=\"widget\" data-e-type=\"widget\" data-widget_type=\"text-editor.default\">\n\t\t\t\t<div class=\"elementor-widget-container\">\n\t\t\t\t\t\t\t\t\t<ul class=\"dlm-downloads\"><li><a  data-e-Disable-Page-Transition=\"true\" class=\"download-link\" title=\"\" href=\"https:\/\/www.liceomixto.cl\/losandes\/download\/4192\/?tmstv=1776267463\" rel=\"nofollow\" id=\"download-link-4192\" data-redirect=\"false\" >\n\tAconcagua, Tierra de Leyendas<\/a>\n<\/li><\/ul>\n\t\t\t\t\t\t\t\t\t\t\t\t<\/div>\n\t\t\t\t<\/div>\n\t\t\t\t\t<\/div>\n\t\t<\/div>\n\t\t\t\t<div class=\"elementor-column elementor-col-50 elementor-top-column elementor-element elementor-element-a8f5606\" data-id=\"a8f5606\" data-element_type=\"column\" data-e-type=\"column\">\n\t\t\t<div class=\"elementor-widget-wrap elementor-element-populated\">\n\t\t\t\t\t\t<section class=\"elementor-section elementor-inner-section elementor-element elementor-element-0859b6e tabcontent elementor-section-boxed elementor-section-height-default elementor-section-height-default\" data-id=\"0859b6e\" data-element_type=\"section\" data-e-type=\"section\">\n\t\t\t\t\t\t<div class=\"elementor-container elementor-column-gap-default\">\n\t\t\t\t\t<div class=\"elementor-column elementor-col-100 elementor-inner-column elementor-element elementor-element-0f8e7f8\" data-id=\"0f8e7f8\" data-element_type=\"column\" data-e-type=\"column\">\n\t\t\t<div class=\"elementor-widget-wrap elementor-element-populated\">\n\t\t\t\t\t\t<div class=\"elementor-element elementor-element-68daf8d elementor-widget elementor-widget-heading\" data-id=\"68daf8d\" data-element_type=\"widget\" data-e-type=\"widget\" data-widget_type=\"heading.default\">\n\t\t\t\t<div class=\"elementor-widget-container\">\n\t\t\t\t\t<h2 class=\"elementor-heading-title elementor-size-default\">Media\n\n\n<\/h2>\t\t\t\t<\/div>\n\t\t\t\t<\/div>\n\t\t\t\t<div class=\"elementor-element elementor-element-911385e elementor-widget elementor-widget-eael-adv-tabs\" data-id=\"911385e\" data-element_type=\"widget\" data-e-type=\"widget\" data-widget_type=\"eael-adv-tabs.default\">\n\t\t\t\t<div class=\"elementor-widget-container\">\n\t\t\t\t\t        <div data-scroll-on-click=\"no\" data-scroll-speed=\"300\" id=\"eael-advance-tabs-911385e\" class=\"eael-advance-tabs eael-tabs-horizontal eael-tab-auto-active \" data-tabid=\"911385e\">\n            <div class=\"eael-tabs-nav \">\n                <ul class=\"\" role=\"tablist\">\n                                            <li id=\"-lista-tiles\" class=\"active-default eael-tab-item-trigger eael-tab-nav-item\" aria-selected=\"true\" data-tab=\"1\" role=\"tab\" tabindex=\"0\" aria-controls=\"-lista-tiles-tab\" aria-expanded=\"false\">\n                            \n                            \n                            \n                                                            <span class=\"eael-tab-title title-after-icon\" > Lista \u00datiles<\/span>                                                    <\/li>\n                                            <li id=\"listado-alumnos\" class=\" eael-tab-item-trigger eael-tab-nav-item\" aria-selected=\"false\" data-tab=\"2\" role=\"tab\" tabindex=\"-1\" aria-controls=\"listado-alumnos-tab\" aria-expanded=\"false\">\n                            \n                            \n                            \n                                                            <span class=\"eael-tab-title title-after-icon\" >Listado Alumnos<\/span>                                                    <\/li>\n                                            <li id=\"horarios\" class=\"inactive eael-tab-item-trigger eael-tab-nav-item\" aria-selected=\"false\" data-tab=\"3\" role=\"tab\" tabindex=\"-1\" aria-controls=\"horarios-tab\" aria-expanded=\"false\">\n                            \n                            \n                            \n                                                            <span class=\"eael-tab-title title-after-icon\" >Horarios<\/span>                                                    <\/li>\n                    \n                                  <\/ul>\n            <\/div>\n            \n            <div class=\"eael-tabs-content\">\n\t\t        \n                    <div id=\"-lista-tiles-tab\" class=\"clearfix eael-tab-content-item active-default\" data-title-link=\"-lista-tiles-tab\">\n\t\t\t\t        <ul class=\"dlm-downloads\"><li><a  data-e-Disable-Page-Transition=\"true\" class=\"download-link\" title=\"\" href=\"https:\/\/www.liceomixto.cl\/losandes\/download\/6848\/?tmstv=1776267463\" rel=\"nofollow\" id=\"download-link-6848\" data-redirect=\"false\" >\n\tLISTA DE \u00daTILES 4\u00ba MEDIO &#8211; TELECOMUNICACIONES 2023<\/a>\n<\/li><li><a  data-e-Disable-Page-Transition=\"true\" class=\"download-link\" title=\"\" href=\"https:\/\/www.liceomixto.cl\/losandes\/download\/6846\/?tmstv=1776267463\" rel=\"nofollow\" id=\"download-link-6846\" data-redirect=\"false\" >\n\tLISTA DE \u00daTILES 4\u00ba MEDIO &#8211; METALURGIA EXTRACTIVA 2023<\/a>\n<\/li><li><a  data-e-Disable-Page-Transition=\"true\" class=\"download-link\" title=\"\" href=\"https:\/\/www.liceomixto.cl\/losandes\/download\/6844\/?tmstv=1776267463\" rel=\"nofollow\" id=\"download-link-6844\" data-redirect=\"false\" >\n\tLISTA DE \u00daTILES 4\u00ba MEDIO &#8211; MEC\u00c1NICA AUTOMOTRIZ 2023<\/a>\n<\/li><li><a  data-e-Disable-Page-Transition=\"true\" class=\"download-link\" title=\"\" href=\"https:\/\/www.liceomixto.cl\/losandes\/download\/6837\/?tmstv=1776267463\" rel=\"nofollow\" id=\"download-link-6837\" data-redirect=\"false\" >\n\tLISTA DE \u00daTILES 4\u00ba MEDIO &#8211; LABORATORIO QU\u00cdMICO 2023<\/a>\n<\/li><li><a  data-e-Disable-Page-Transition=\"true\" class=\"download-link\" title=\"\" href=\"https:\/\/www.liceomixto.cl\/losandes\/download\/6835\/?tmstv=1776267463\" rel=\"nofollow\" id=\"download-link-6835\" data-redirect=\"false\" >\n\tLISTA DE \u00daTILES 4\u00ba MEDIO &#8211; EXPLOTACI\u00d3N MINERA 2023<\/a>\n<\/li><li><a  data-e-Disable-Page-Transition=\"true\" class=\"download-link\" title=\"\" href=\"https:\/\/www.liceomixto.cl\/losandes\/download\/6833\/?tmstv=1776267463\" rel=\"nofollow\" id=\"download-link-6833\" data-redirect=\"false\" >\n\tLISTA DE \u00daTILES 4\u00ba MEDIO &#8211; ELECTR\u00d3NICA 2023<\/a>\n<\/li><li><a  data-e-Disable-Page-Transition=\"true\" class=\"download-link\" title=\"\" href=\"https:\/\/www.liceomixto.cl\/losandes\/download\/6831\/?tmstv=1776267463\" rel=\"nofollow\" id=\"download-link-6831\" data-redirect=\"false\" >\n\tLISTA DE \u00daTILES 4\u00ba MEDIO &#8211; ADMINISTRACI\u00d3N 2023<\/a>\n<\/li><li><a  data-e-Disable-Page-Transition=\"true\" class=\"download-link\" title=\"\" href=\"https:\/\/www.liceomixto.cl\/losandes\/download\/6829\/?tmstv=1776267463\" rel=\"nofollow\" id=\"download-link-6829\" data-redirect=\"false\" >\n\tLISTA DE \u00daTILES 3\u00ba MEDIO &#8211; TELECOMUNICACIONES 2023<\/a>\n<\/li><li><a  data-e-Disable-Page-Transition=\"true\" class=\"download-link\" title=\"\" href=\"https:\/\/www.liceomixto.cl\/losandes\/download\/6827\/?tmstv=1776267463\" rel=\"nofollow\" id=\"download-link-6827\" data-redirect=\"false\" >\n\tLISTA DE \u00daTILES 3\u00ba MEDIO &#8211; METALURGIA EXTRACTIVA 2023<\/a>\n<\/li><li><a  data-e-Disable-Page-Transition=\"true\" class=\"download-link\" title=\"\" href=\"https:\/\/www.liceomixto.cl\/losandes\/download\/6824\/?tmstv=1776267463\" rel=\"nofollow\" id=\"download-link-6824\" data-redirect=\"false\" >\n\tLISTA DE \u00daTILES 3\u00ba MEDIO &#8211; MEC\u00c1NICA AUTOMOTRIZ 2023<\/a>\n<\/li><li><a  data-e-Disable-Page-Transition=\"true\" class=\"download-link\" title=\"\" href=\"https:\/\/www.liceomixto.cl\/losandes\/download\/6822\/?tmstv=1776267463\" rel=\"nofollow\" id=\"download-link-6822\" data-redirect=\"false\" >\n\tLISTA DE \u00daTILES 3\u00ba MEDIO &#8211; LABORATORIO QU\u00cdMICO 2023<\/a>\n<\/li><li><a  data-e-Disable-Page-Transition=\"true\" class=\"download-link\" title=\"\" href=\"https:\/\/www.liceomixto.cl\/losandes\/download\/6820\/?tmstv=1776267463\" rel=\"nofollow\" id=\"download-link-6820\" data-redirect=\"false\" >\n\tLISTA DE \u00daTILES 3\u00ba MEDIO &#8211; HC 2023<\/a>\n<\/li><li><a  data-e-Disable-Page-Transition=\"true\" class=\"download-link\" title=\"\" href=\"https:\/\/www.liceomixto.cl\/losandes\/download\/6818\/?tmstv=1776267463\" rel=\"nofollow\" id=\"download-link-6818\" data-redirect=\"false\" >\n\tLISTA DE \u00daTILES 3\u00ba MEDIO &#8211; EXPLOTACI\u00d3N MINERA 2023<\/a>\n<\/li><li><a  data-e-Disable-Page-Transition=\"true\" class=\"download-link\" title=\"\" href=\"https:\/\/www.liceomixto.cl\/losandes\/download\/6814\/?tmstv=1776267463\" rel=\"nofollow\" id=\"download-link-6814\" data-redirect=\"false\" >\n\tLISTA DE \u00daTILES 3\u00ba MEDIO &#8211; ADMINISTRACI\u00d3N 2023<\/a>\n<\/li><li><a  data-e-Disable-Page-Transition=\"true\" class=\"download-link\" title=\"\" href=\"https:\/\/www.liceomixto.cl\/losandes\/download\/6812\/?tmstv=1776267463\" rel=\"nofollow\" id=\"download-link-6812\" data-redirect=\"false\" >\n\tLISTA DE \u00daTILES 2\u00ba MEDIO 2023<\/a>\n<\/li><li><a  data-e-Disable-Page-Transition=\"true\" class=\"download-link\" title=\"\" href=\"https:\/\/www.liceomixto.cl\/losandes\/download\/6792\/?tmstv=1776267463\" rel=\"nofollow\" id=\"download-link-6792\" data-redirect=\"false\" >\n\tLISTA DE \u00daTILES 1\u00ba MEDIO 2023<\/a>\n<\/li><\/ul>\n\t\t\t\t\n                    <\/div>\n\t\t        \n                    <div id=\"listado-alumnos-tab\" class=\"clearfix eael-tab-content-item \" data-title-link=\"listado-alumnos-tab\">\n\t\t\t\t        \n                    <\/div>\n\t\t        \n                    <div id=\"horarios-tab\" class=\"clearfix eael-tab-content-item inactive\" data-title-link=\"horarios-tab\">\n\t\t\t\t        <ul class=\"dlm-downloads\"><li><a  data-e-Disable-Page-Transition=\"true\" class=\"download-link\" title=\"\" href=\"https:\/\/www.liceomixto.cl\/losandes\/download\/6686\/?tmstv=1776267463\" rel=\"nofollow\" id=\"download-link-6686\" data-redirect=\"false\" >\n\tResultados postulaci\u00f3n a carreras t\u00e9cnico profesional 2023<\/a>\n<\/li><\/ul>\n\t\t\t\t\n                    <\/div>\n\t\t                    <\/div>\n        <\/div>\n\t\t\t\t<\/div>\n\t\t\t\t<\/div>\n\t\t\t\t\t<\/div>\n\t\t<\/div>\n\t\t\t\t\t<\/div>\n\t\t<\/section>\n\t\t\t\t\t<\/div>\n\t\t<\/div>\n\t\t\t\t\t<\/div>\n\t\t<\/section>\n\t\t\t\t<\/div>\n\t\t","protected":false},"excerpt":{"rendered":"<p>Micro Editorial Media Lista \u00datiles Listado Alumnos Horarios Media &#8211; Lista Utiles I medio Media &#8211; Lista Utiles II medio Media &#8211; Lista Utiles III medio &#8211; administraci\u00f3n Media &#8211; Lista Utiles III medio &#8211; electr\u00f3nica Media &#8211; Lista Utiles III medio &#8211; explotaci\u00f3n minera Media &#8211; Lista Utiles III [&hellip;]<\/p>\n","protected":false},"author":5,"featured_media":0,"parent":0,"menu_order":0,"comment_status":"closed","ping_status":"closed","template":"elementor_header_footer","meta":{"_acf_changed":false,"_monsterinsights_skip_tracking":false,"_monsterinsights_sitenote_active":false,"_monsterinsights_sitenote_note":"","_monsterinsights_sitenote_category":0,"footnotes":""},"class_list":["post-4156","page","type-page","status-publish","hentry"],"acf":[],"_links":{"self":[{"href":"https:\/\/www.liceomixto.cl\/losandes\/wp-json\/wp\/v2\/pages\/4156","targetHints":{"allow":["GET"]}}],"collection":[{"href":"https:\/\/www.liceomixto.cl\/losandes\/wp-json\/wp\/v2\/pages"}],"about":[{"href":"https:\/\/www.liceomixto.cl\/losandes\/wp-json\/wp\/v2\/types\/page"}],"author":[{"embeddable":true,"href":"https:\/\/www.liceomixto.cl\/losandes\/wp-json\/wp\/v2\/users\/5"}],"replies":[{"embeddable":true,"href":"https:\/\/www.liceomixto.cl\/losandes\/wp-json\/wp\/v2\/comments?post=4156"}],"version-history":[{"count":7,"href":"https:\/\/www.liceomixto.cl\/losandes\/wp-json\/wp\/v2\/pages\/4156\/revisions"}],"predecessor-version":[{"id":4179,"href":"https:\/\/www.liceomixto.cl\/losandes\/wp-json\/wp\/v2\/pages\/4156\/revisions\/4179"}],"wp:attachment":[{"href":"https:\/\/www.liceomixto.cl\/losandes\/wp-json\/wp\/v2\/media?parent=4156"}],"curies":[{"name":"wp","href":"https:\/\/api.w.org\/{rel}","templated":true}]}}