{"id":5051,"date":"2022-03-25T16:48:02","date_gmt":"2022-03-25T19:48:02","guid":{"rendered":"https:\/\/www.liceomixto.cl\/losandes\/?page_id=5051"},"modified":"2022-03-25T16:49:35","modified_gmt":"2022-03-25T19:49:35","slug":"comunicados-oficiales","status":"publish","type":"page","link":"https:\/\/www.liceomixto.cl\/losandes\/comunicados-oficiales\/","title":{"rendered":"Comunicados Oficiales"},"content":{"rendered":"\t\t<div data-elementor-type=\"wp-page\" data-elementor-id=\"5051\" class=\"elementor elementor-5051\">\n\t\t\t\t\t\t<section class=\"elementor-section elementor-top-section elementor-element elementor-element-2cb617ef elementor-section-height-min-height elementor-section-boxed elementor-section-height-default elementor-section-items-middle\" data-id=\"2cb617ef\" data-element_type=\"section\" data-e-type=\"section\" data-settings=\"{&quot;background_background&quot;:&quot;classic&quot;}\">\n\t\t\t\t\t\t\t<div class=\"elementor-background-overlay\"><\/div>\n\t\t\t\t\t\t\t<div class=\"elementor-container elementor-column-gap-default\">\n\t\t\t\t\t<div class=\"elementor-column elementor-col-100 elementor-top-column elementor-element elementor-element-2f37ecdd\" data-id=\"2f37ecdd\" data-element_type=\"column\" data-e-type=\"column\">\n\t\t\t<div class=\"elementor-widget-wrap elementor-element-populated\">\n\t\t\t\t\t\t<div class=\"elementor-element elementor-element-2ae4df74 elementor-widget elementor-widget-page-title\" data-id=\"2ae4df74\" data-element_type=\"widget\" data-e-type=\"widget\" data-settings=\"{&quot;align&quot;:&quot;left&quot;,&quot;align_mobile&quot;:&quot;center&quot;}\" data-widget_type=\"page-title.default\">\n\t\t\t\t<div class=\"elementor-widget-container\">\n\t\t\t\t\t\t\t\n\t\t<div class=\"hfe-page-title hfe-page-title-wrapper elementor-widget-heading\">\n\n\t\t\t\t\t\t\t\t\t\t\t<a href=\"https:\/\/www.liceomixto.cl\/losandes\">\n\t\t\t\t\t\t<h1 class=\"elementor-heading-title elementor-size-default\">\n\t\t\t\t\t\t\t\t\n\t\t\t\tComunicados Oficiales  \n\t\t\t<\/h1 > \n\t\t\t\t\t\t\t\t\t<\/a>\n\t\t\t\t\t<\/div>\n\t\t\t\t\t\t<\/div>\n\t\t\t\t<\/div>\n\t\t\t\t\t<\/div>\n\t\t<\/div>\n\t\t\t\t\t<\/div>\n\t\t<\/section>\n\t\t\t\t<section class=\"elementor-section elementor-top-section elementor-element elementor-element-614c39b7 elementor-section-boxed elementor-section-height-default elementor-section-height-default\" data-id=\"614c39b7\" data-element_type=\"section\" data-e-type=\"section\" data-settings=\"{&quot;background_background&quot;:&quot;classic&quot;}\">\n\t\t\t\t\t\t<div class=\"elementor-container elementor-column-gap-default\">\n\t\t\t\t\t<div class=\"elementor-column elementor-col-100 elementor-top-column elementor-element elementor-element-a96d6bd\" data-id=\"a96d6bd\" data-element_type=\"column\" data-e-type=\"column\">\n\t\t\t<div class=\"elementor-widget-wrap elementor-element-populated\">\n\t\t\t\t\t\t<div class=\"elementor-element elementor-element-302284a elementor-grid-eael-col-4 elementor-grid-tablet-eael-col-2 elementor-grid-mobile-eael-col-1 elementor-widget elementor-widget-eael-post-grid\" data-id=\"302284a\" data-element_type=\"widget\" data-e-type=\"widget\" data-settings=\"{&quot;eael_post_grid_columns&quot;:&quot;eael-col-4&quot;,&quot;eael_post_grid_columns_tablet&quot;:&quot;eael-col-2&quot;,&quot;eael_post_grid_columns_mobile&quot;:&quot;eael-col-1&quot;}\" data-widget_type=\"eael-post-grid.default\">\n\t\t\t\t<div class=\"elementor-widget-container\">\n\t\t\t\t\t<div id=\"eael-post-grid-302284a\" class=\"eael-post-grid-container\">\n            <div class=\"eael-post-grid eael-post-appender eael-post-appender-302284a eael-post-grid-style-one\" data-layout-mode=\"masonry\"><article class=\"eael-grid-post  eael-post-grid-column eael-pg-post-9422 category-comunicados-oficiales\" data-id=\"9422\">\n        <div class=\"eael-grid-post-holder\">\n            <div class=\"eael-grid-post-holder-inner\"><div class=\"eael-entry-media\"><div class=\"eael-entry-overlay fade-in\"><i class=\"fas fa-long-arrow-alt-right\" aria-hidden=\"true\"><\/i><a href=\"https:\/\/www.liceomixto.cl\/losandes\/comunicado-oficial\/\"><\/a><\/div><div class=\"eael-entry-thumbnail \">\n                <img fetchpriority=\"high\" decoding=\"async\" width=\"360\" height=\"240\" src=\"https:\/\/www.liceomixto.cl\/losandes\/wp-content\/uploads\/2024\/07\/IMG_7377-360x240.jpg\" class=\"attachment-hestia-blog size-hestia-blog wp-image-8400\" alt=\"\" \/>\n            <\/div>\n        <\/div><div class=\"eael-entry-wrapper\"><header class=\"eael-entry-header\"><h2 class=\"eael-entry-title\"><a class=\"eael-grid-post-link\" href=\"https:\/\/www.liceomixto.cl\/losandes\/comunicado-oficial\/\" title=\"Comunicado Oficial\">Comunicado Oficial<\/a><\/h2><\/header><div class=\"eael-entry-content\">\n                        <div class=\"eael-grid-post-excerpt\"><p>Estimada comunidad educativa: Junto con saludar cordialmente, informamos que, durante...<\/p><\/div>\n                    <\/div><\/div><\/div>\n        <\/div>\n    <\/article><article class=\"eael-grid-post  eael-post-grid-column eael-pg-post-9395 category-comunicados-oficiales\" data-id=\"9395\">\n        <div class=\"eael-grid-post-holder\">\n            <div class=\"eael-grid-post-holder-inner\"><div class=\"eael-entry-media\"><div class=\"eael-entry-overlay fade-in\"><i class=\"fas fa-long-arrow-alt-right\" aria-hidden=\"true\"><\/i><a href=\"https:\/\/www.liceomixto.cl\/losandes\/comunicado-de-duelo\/\"><\/a><\/div><div class=\"eael-entry-thumbnail \">\n                <img fetchpriority=\"high\" decoding=\"async\" width=\"360\" height=\"240\" src=\"https:\/\/www.liceomixto.cl\/losandes\/wp-content\/uploads\/2024\/07\/IMG_7377-360x240.jpg\" class=\"attachment-hestia-blog size-hestia-blog wp-image-8400\" alt=\"\" \/>\n            <\/div>\n        <\/div><div class=\"eael-entry-wrapper\"><header class=\"eael-entry-header\"><h2 class=\"eael-entry-title\"><a class=\"eael-grid-post-link\" href=\"https:\/\/www.liceomixto.cl\/losandes\/comunicado-de-duelo\/\" title=\"Comunicado de Duelo\">Comunicado de Duelo<\/a><\/h2><\/header><div class=\"eael-entry-content\">\n                        <div class=\"eael-grid-post-excerpt\"><p>Con un profundo pesar la Corporaci\u00f3n Educacional Monte Aconcagua comunica...<\/p><\/div>\n                    <\/div><\/div><\/div>\n        <\/div>\n    <\/article><article class=\"eael-grid-post  eael-post-grid-column eael-pg-post-9223 category-comunicados-oficiales\" data-id=\"9223\">\n        <div class=\"eael-grid-post-holder\">\n            <div class=\"eael-grid-post-holder-inner\"><div class=\"eael-entry-media\"><div class=\"eael-entry-overlay fade-in\"><i class=\"fas fa-long-arrow-alt-right\" aria-hidden=\"true\"><\/i><a href=\"https:\/\/www.liceomixto.cl\/losandes\/declaracion-publica\/\"><\/a><\/div><div class=\"eael-entry-thumbnail \">\n                <img fetchpriority=\"high\" decoding=\"async\" width=\"360\" height=\"240\" src=\"https:\/\/www.liceomixto.cl\/losandes\/wp-content\/uploads\/2024\/07\/IMG_7377-360x240.jpg\" class=\"attachment-hestia-blog size-hestia-blog wp-image-8400\" alt=\"\" \/>\n            <\/div>\n        <\/div><div class=\"eael-entry-wrapper\"><header class=\"eael-entry-header\"><h2 class=\"eael-entry-title\"><a class=\"eael-grid-post-link\" href=\"https:\/\/www.liceomixto.cl\/losandes\/declaracion-publica\/\" title=\"DECLARACI\u00d3N P\u00daBLICA\">DECLARACI\u00d3N P\u00daBLICA<\/a><\/h2><\/header><div class=\"eael-entry-content\">\n                        <div class=\"eael-grid-post-excerpt\"><p>El Directorio de la Corporaci\u00f3n Educacional Monte Aconcagua, sostenedora del...<\/p><\/div>\n                    <\/div><\/div><\/div>\n        <\/div>\n    <\/article><article class=\"eael-grid-post  eael-post-grid-column eael-pg-post-8727 category-comunicados-oficiales\" data-id=\"8727\">\n        <div class=\"eael-grid-post-holder\">\n            <div class=\"eael-grid-post-holder-inner\"><div class=\"eael-entry-media\"><div class=\"eael-entry-overlay fade-in\"><i class=\"fas fa-long-arrow-alt-right\" aria-hidden=\"true\"><\/i><a href=\"https:\/\/www.liceomixto.cl\/losandes\/comunicado-saludo-de-bienvenida-a-un-nuevo-periodo-escolar\/\"><\/a><\/div><div class=\"eael-entry-thumbnail \">\n                <img fetchpriority=\"high\" decoding=\"async\" width=\"360\" height=\"240\" src=\"https:\/\/www.liceomixto.cl\/losandes\/wp-content\/uploads\/2024\/07\/IMG_7377-360x240.jpg\" class=\"attachment-hestia-blog size-hestia-blog wp-image-8400\" alt=\"\" \/>\n            <\/div>\n        <\/div><div class=\"eael-entry-wrapper\"><header class=\"eael-entry-header\"><h2 class=\"eael-entry-title\"><a class=\"eael-grid-post-link\" href=\"https:\/\/www.liceomixto.cl\/losandes\/comunicado-saludo-de-bienvenida-a-un-nuevo-periodo-escolar\/\" title=\"Comunicado: Saludo de bienvenida a un nuevo periodo escolar\">Comunicado: Saludo de bienvenida a un nuevo periodo escolar<\/a><\/h2><\/header><div class=\"eael-entry-content\">\n                        <div class=\"eael-grid-post-excerpt\"><p>\u00a1Bienvenidos a un nuevo a\u00f1o escolar en nuestro querido Liceo...<\/p><\/div>\n                    <\/div><\/div><\/div>\n        <\/div>\n    <\/article><\/div>\n            <div class=\"clearfix\"><\/div>\n        <\/div>            <div class=\"eael-load-more-button-wrap\">\n                <button class=\"eael-load-more-button\" id=\"eael-load-more-btn-302284a\" data-widget-id=\"302284a\" data-widget=\"302284a\" data-page-id=\"5051\" data-template=\"{&quot;dir&quot;:&quot;lite&quot;,&quot;file_name&quot;:&quot;one.php&quot;,&quot;name&quot;:&quot;Post-Grid&quot;}\" data-class=\"Essential_Addons_Elementor\\Elements\\Post_Grid\" data-layout=\"masonry\" data-page=\"1\" data-args=\"orderby=date&amp;order=desc&amp;ignore_sticky_posts=1&amp;post_status=publish&amp;posts_per_page=4&amp;offset=0&amp;post_type=post&amp;tax_query%5B0%5D%5Btaxonomy%5D=category&amp;tax_query%5B0%5D%5Bfield%5D=term_id&amp;tax_query%5B0%5D%5Bterms%5D%5B0%5D=72&amp;tax_query%5Brelation%5D=AND\" data-max-page=\"6\">\n                    <span class=\"eael-btn-loader button__loader\"><\/span>\n                    <span class=\"eael_load_more_text\">VER M\u00c1S<\/span>\n                <\/button>\n            <\/div>\n            \t\t\t\t<\/div>\n\t\t\t\t<\/div>\n\t\t\t\t\t<\/div>\n\t\t<\/div>\n\t\t\t\t\t<\/div>\n\t\t<\/section>\n\t\t\t\t<\/div>\n\t\t","protected":false},"excerpt":{"rendered":"<p>Comunicados Oficiales Sede B\u00e1sica Dos permanecer\u00e1 cerrada por cuarentena preventiva Comunicado: formatos de alimentaci\u00f3n A nuestra comunidad: Por medio del presente, se les recuerda&#8230; Comunicado asistencia presencial Comunicado retroceso comunal a Fase 1 &#8211; Junio 2021 VER M\u00c1S<\/p>\n","protected":false},"author":5,"featured_media":0,"parent":0,"menu_order":0,"comment_status":"closed","ping_status":"closed","template":"elementor_header_footer","meta":{"_acf_changed":false,"_monsterinsights_skip_tracking":false,"_monsterinsights_sitenote_active":false,"_monsterinsights_sitenote_note":"","_monsterinsights_sitenote_category":0,"footnotes":""},"class_list":["post-5051","page","type-page","status-publish","hentry"],"acf":[],"_links":{"self":[{"href":"https:\/\/www.liceomixto.cl\/losandes\/wp-json\/wp\/v2\/pages\/5051","targetHints":{"allow":["GET"]}}],"collection":[{"href":"https:\/\/www.liceomixto.cl\/losandes\/wp-json\/wp\/v2\/pages"}],"about":[{"href":"https:\/\/www.liceomixto.cl\/losandes\/wp-json\/wp\/v2\/types\/page"}],"author":[{"embeddable":true,"href":"https:\/\/www.liceomixto.cl\/losandes\/wp-json\/wp\/v2\/users\/5"}],"replies":[{"embeddable":true,"href":"https:\/\/www.liceomixto.cl\/losandes\/wp-json\/wp\/v2\/comments?post=5051"}],"version-history":[{"count":4,"href":"https:\/\/www.liceomixto.cl\/losandes\/wp-json\/wp\/v2\/pages\/5051\/revisions"}],"predecessor-version":[{"id":5056,"href":"https:\/\/www.liceomixto.cl\/losandes\/wp-json\/wp\/v2\/pages\/5051\/revisions\/5056"}],"wp:attachment":[{"href":"https:\/\/www.liceomixto.cl\/losandes\/wp-json\/wp\/v2\/media?parent=5051"}],"curies":[{"name":"wp","href":"https:\/\/api.w.org\/{rel}","templated":true}]}}

<div data-elementor-type="wp-page" data-elementor-id="5051" class="elementor elementor-5051">
						<section class="elementor-section elementor-top-section elementor-element elementor-element-2cb617ef elementor-section-height-min-height elementor-section-boxed elementor-section-height-default elementor-section-items-middle" data-id="2cb617ef" data-element_type="section" data-e-type="section" data-settings="{&quot;background_background&quot;:&quot;classic&quot;}">
							<div class="elementor-background-overlay"></div>
							<div class="elementor-container elementor-column-gap-default">
					<div class="elementor-column elementor-col-100 elementor-top-column elementor-element elementor-element-2f37ecdd" data-id="2f37ecdd" data-element_type="column" data-e-type="column">
			<div class="elementor-widget-wrap elementor-element-populated">
						<div class="elementor-element elementor-element-2ae4df74 elementor-widget elementor-widget-page-title" data-id="2ae4df74" data-element_type="widget" data-e-type="widget" data-settings="{&quot;align&quot;:&quot;left&quot;,&quot;align_mobile&quot;:&quot;center&quot;}" data-widget_type="page-title.default">
				<div class="elementor-widget-container">
							
		<div class="hfe-page-title hfe-page-title-wrapper elementor-widget-heading">

											<a href="https://www.liceomixto.cl/losandes">
						<h1 class="elementor-heading-title elementor-size-default">
								
				Comunicados Oficiales  
			</h1 > 
									</a>
					</div>
						</div>
				</div>
					</div>
		</div>
					</div>
		</section>
				<section class="elementor-section elementor-top-section elementor-element elementor-element-614c39b7 elementor-section-boxed elementor-section-height-default elementor-section-height-default" data-id="614c39b7" data-element_type="section" data-e-type="section" data-settings="{&quot;background_background&quot;:&quot;classic&quot;}">
						<div class="elementor-container elementor-column-gap-default">
					<div class="elementor-column elementor-col-100 elementor-top-column elementor-element elementor-element-a96d6bd" data-id="a96d6bd" data-element_type="column" data-e-type="column">
			<div class="elementor-widget-wrap elementor-element-populated">
						<div class="elementor-element elementor-element-302284a elementor-grid-eael-col-4 elementor-grid-tablet-eael-col-2 elementor-grid-mobile-eael-col-1 elementor-widget elementor-widget-eael-post-grid" data-id="302284a" data-element_type="widget" data-e-type="widget" data-settings="{&quot;eael_post_grid_columns&quot;:&quot;eael-col-4&quot;,&quot;eael_post_grid_columns_tablet&quot;:&quot;eael-col-2&quot;,&quot;eael_post_grid_columns_mobile&quot;:&quot;eael-col-1&quot;}" data-widget_type="eael-post-grid.default">
				<div class="elementor-widget-container">
					<div id="eael-post-grid-302284a" class="eael-post-grid-container">
            <div class="eael-post-grid eael-post-appender eael-post-appender-302284a eael-post-grid-style-one" data-layout-mode="masonry"><article class="eael-grid-post  eael-post-grid-column eael-pg-post-9422 category-comunicados-oficiales" data-id="9422">
        <div class="eael-grid-post-holder">
            <div class="eael-grid-post-holder-inner"><div class="eael-entry-media"><div class="eael-entry-overlay fade-in"><i class="fas fa-long-arrow-alt-right" aria-hidden="true"></i><a href="https://www.liceomixto.cl/losandes/comunicado-oficial/"></a></div><div class="eael-entry-thumbnail ">
                <img fetchpriority="high" decoding="async" width="360" height="240" src="https://www.liceomixto.cl/losandes/wp-content/uploads/2024/07/IMG_7377-360x240.jpg" class="attachment-hestia-blog size-hestia-blog wp-image-8400" alt="" />
            </div>
        </div><div class="eael-entry-wrapper"><header class="eael-entry-header"><h2 class="eael-entry-title"><a class="eael-grid-post-link" href="https://www.liceomixto.cl/losandes/comunicado-oficial/" title="Comunicado Oficial">Comunicado Oficial</a></h2></header><div class="eael-entry-content">
                        <div class="eael-grid-post-excerpt"><p>Estimada comunidad educativa: Junto con saludar cordialmente, informamos que, durante...</p></div>
                    </div></div></div>
        </div>
    </article><article class="eael-grid-post  eael-post-grid-column eael-pg-post-9395 category-comunicados-oficiales" data-id="9395">
        <div class="eael-grid-post-holder">
            <div class="eael-grid-post-holder-inner"><div class="eael-entry-media"><div class="eael-entry-overlay fade-in"><i class="fas fa-long-arrow-alt-right" aria-hidden="true"></i><a href="https://www.liceomixto.cl/losandes/comunicado-de-duelo/"></a></div><div class="eael-entry-thumbnail ">
                <img fetchpriority="high" decoding="async" width="360" height="240" src="https://www.liceomixto.cl/losandes/wp-content/uploads/2024/07/IMG_7377-360x240.jpg" class="attachment-hestia-blog size-hestia-blog wp-image-8400" alt="" />
            </div>
        </div><div class="eael-entry-wrapper"><header class="eael-entry-header"><h2 class="eael-entry-title"><a class="eael-grid-post-link" href="https://www.liceomixto.cl/losandes/comunicado-de-duelo/" title="Comunicado de Duelo">Comunicado de Duelo</a></h2></header><div class="eael-entry-content">
                        <div class="eael-grid-post-excerpt"><p>Con un profundo pesar la Corporación Educacional Monte Aconcagua comunica...</p></div>
                    </div></div></div>
        </div>
    </article><article class="eael-grid-post  eael-post-grid-column eael-pg-post-9223 category-comunicados-oficiales" data-id="9223">
        <div class="eael-grid-post-holder">
            <div class="eael-grid-post-holder-inner"><div class="eael-entry-media"><div class="eael-entry-overlay fade-in"><i class="fas fa-long-arrow-alt-right" aria-hidden="true"></i><a href="https://www.liceomixto.cl/losandes/declaracion-publica/"></a></div><div class="eael-entry-thumbnail ">
                <img fetchpriority="high" decoding="async" width="360" height="240" src="https://www.liceomixto.cl/losandes/wp-content/uploads/2024/07/IMG_7377-360x240.jpg" class="attachment-hestia-blog size-hestia-blog wp-image-8400" alt="" />
            </div>
        </div><div class="eael-entry-wrapper"><header class="eael-entry-header"><h2 class="eael-entry-title"><a class="eael-grid-post-link" href="https://www.liceomixto.cl/losandes/declaracion-publica/" title="DECLARACIÓN PÚBLICA">DECLARACIÓN PÚBLICA</a></h2></header><div class="eael-entry-content">
                        <div class="eael-grid-post-excerpt"><p>El Directorio de la Corporación Educacional Monte Aconcagua, sostenedora del...</p></div>
                    </div></div></div>
        </div>
    </article><article class="eael-grid-post  eael-post-grid-column eael-pg-post-8727 category-comunicados-oficiales" data-id="8727">
        <div class="eael-grid-post-holder">
            <div class="eael-grid-post-holder-inner"><div class="eael-entry-media"><div class="eael-entry-overlay fade-in"><i class="fas fa-long-arrow-alt-right" aria-hidden="true"></i><a href="https://www.liceomixto.cl/losandes/comunicado-saludo-de-bienvenida-a-un-nuevo-periodo-escolar/"></a></div><div class="eael-entry-thumbnail ">
                <img fetchpriority="high" decoding="async" width="360" height="240" src="https://www.liceomixto.cl/losandes/wp-content/uploads/2024/07/IMG_7377-360x240.jpg" class="attachment-hestia-blog size-hestia-blog wp-image-8400" alt="" />
            </div>
        </div><div class="eael-entry-wrapper"><header class="eael-entry-header"><h2 class="eael-entry-title"><a class="eael-grid-post-link" href="https://www.liceomixto.cl/losandes/comunicado-saludo-de-bienvenida-a-un-nuevo-periodo-escolar/" title="Comunicado: Saludo de bienvenida a un nuevo periodo escolar">Comunicado: Saludo de bienvenida a un nuevo periodo escolar</a></h2></header><div class="eael-entry-content">
                        <div class="eael-grid-post-excerpt"><p>¡Bienvenidos a un nuevo año escolar en nuestro querido Liceo...</p></div>
                    </div></div></div>
        </div>
    </article></div>
            <div class="clearfix"></div>
        </div>            <div class="eael-load-more-button-wrap">
                <button class="eael-load-more-button" id="eael-load-more-btn-302284a" data-widget-id="302284a" data-widget="302284a" data-page-id="5051" data-template="{&quot;dir&quot;:&quot;lite&quot;,&quot;file_name&quot;:&quot;one.php&quot;,&quot;name&quot;:&quot;Post-Grid&quot;}" data-class="Essential_Addons_Elementor\Elements\Post_Grid" data-layout="masonry" data-page="1" data-args="orderby=date&amp;order=desc&amp;ignore_sticky_posts=1&amp;post_status=publish&amp;posts_per_page=4&amp;offset=0&amp;post_type=post&amp;tax_query%5B0%5D%5Btaxonomy%5D=category&amp;tax_query%5B0%5D%5Bfield%5D=term_id&amp;tax_query%5B0%5D%5Bterms%5D%5B0%5D=72&amp;tax_query%5Brelation%5D=AND" data-max-page="6">
                    <span class="eael-btn-loader button__loader"></span>
                    <span class="eael_load_more_text">VER MÁS</span>
                </button>
            </div>
            				</div>
				</div>
					</div>
		</div>
					</div>
		</section>
				</div>

<p>Comunicados Oficiales Sede Básica Dos permanecerá cerrada por cuarentena preventiva Comunicado: formatos de alimentación A nuestra comunidad: Por medio del presente, se les recuerda&#8230; Comunicado asistencia presencial Comunicado retroceso comunal a Fase 1 &#8211; Junio 2021 VER MÁS</p>
