{"id":772,"date":"2020-04-21T11:57:58","date_gmt":"2020-04-21T14:57:58","guid":{"rendered":"http:\/\/www.liceomixto.cl\/losandes\/?page_id=772"},"modified":"2020-04-30T12:05:46","modified_gmt":"2020-04-30T15:05:46","slug":"insignia","status":"publish","type":"page","link":"https:\/\/www.liceomixto.cl\/losandes\/insignia\/","title":{"rendered":"Insignia"},"content":{"rendered":"\t\t<div data-elementor-type=\"wp-page\" data-elementor-id=\"772\" class=\"elementor elementor-772\">\n\t\t\t\t\t\t<section class=\"elementor-section elementor-top-section elementor-element elementor-element-7d9e4c2e elementor-section-height-min-height elementor-section-boxed elementor-section-height-default elementor-section-items-middle\" data-id=\"7d9e4c2e\" data-element_type=\"section\" data-e-type=\"section\" data-settings=\"{&quot;background_background&quot;:&quot;classic&quot;}\">\n\t\t\t\t\t\t\t<div class=\"elementor-background-overlay\"><\/div>\n\t\t\t\t\t\t\t<div class=\"elementor-container elementor-column-gap-default\">\n\t\t\t\t\t<div class=\"elementor-column elementor-col-100 elementor-top-column elementor-element elementor-element-37851dcf\" data-id=\"37851dcf\" data-element_type=\"column\" data-e-type=\"column\">\n\t\t\t<div class=\"elementor-widget-wrap elementor-element-populated\">\n\t\t\t\t\t\t<div class=\"elementor-element elementor-element-11a7dee1 elementor-widget elementor-widget-page-title\" data-id=\"11a7dee1\" data-element_type=\"widget\" data-e-type=\"widget\" data-settings=\"{&quot;align&quot;:&quot;left&quot;,&quot;align_mobile&quot;:&quot;center&quot;}\" data-widget_type=\"page-title.default\">\n\t\t\t\t<div class=\"elementor-widget-container\">\n\t\t\t\t\t\t\t\n\t\t<div class=\"hfe-page-title hfe-page-title-wrapper elementor-widget-heading\">\n\n\t\t\t\t\t\t\t\t\t\t\t<a href=\"https:\/\/www.liceomixto.cl\/losandes\">\n\t\t\t\t\t\t<h1 class=\"elementor-heading-title elementor-size-default\">\n\t\t\t\t\t\t\t\t\n\t\t\t\tInsignia  \n\t\t\t<\/h1 > \n\t\t\t\t\t\t\t\t\t<\/a>\n\t\t\t\t\t<\/div>\n\t\t\t\t\t\t<\/div>\n\t\t\t\t<\/div>\n\t\t\t\t\t<\/div>\n\t\t<\/div>\n\t\t\t\t\t<\/div>\n\t\t<\/section>\n\t\t\t\t<section class=\"elementor-section elementor-top-section elementor-element elementor-element-75fafedb elementor-section-boxed elementor-section-height-default elementor-section-height-default\" data-id=\"75fafedb\" data-element_type=\"section\" data-e-type=\"section\" data-settings=\"{&quot;background_background&quot;:&quot;classic&quot;}\">\n\t\t\t\t\t\t<div class=\"elementor-container elementor-column-gap-default\">\n\t\t\t\t\t<div class=\"elementor-column elementor-col-66 elementor-top-column elementor-element elementor-element-c707b9f\" data-id=\"c707b9f\" data-element_type=\"column\" data-e-type=\"column\">\n\t\t\t<div class=\"elementor-widget-wrap elementor-element-populated\">\n\t\t\t\t\t\t<div class=\"elementor-element elementor-element-4eedf42 elementor-widget elementor-widget-text-editor\" data-id=\"4eedf42\" data-element_type=\"widget\" data-e-type=\"widget\" data-widget_type=\"text-editor.default\">\n\t\t\t\t<div class=\"elementor-widget-container\">\n\t\t\t\t\t\t\t\t\tEn esta p\u00e1gina podr\u00e1s ver y descargar la insignia oficial de nuestra instituci\u00f3n. Hay versiones a todo color y en monotono (un color). Para ser utilizadas en impresos, se deben transformar al sistema CMYK, con un editor de im\u00e1genes. Para acceder a cada una de ellas hacer click en cada pesta\u00f1a. Se podr\u00e1n descargar a un tama\u00f1o m\u00e1ximo de hasta 40 cms. de alto.\n\n\t\t\t\t\t\t\t\t<\/div>\n\t\t\t\t<\/div>\n\t\t\t\t<div class=\"elementor-element elementor-element-462a1c0 elementor-widget elementor-widget-eael-adv-tabs\" data-id=\"462a1c0\" data-element_type=\"widget\" data-e-type=\"widget\" data-widget_type=\"eael-adv-tabs.default\">\n\t\t\t\t<div class=\"elementor-widget-container\">\n\t\t\t\t\t        <div data-scroll-on-click=\"no\" data-scroll-speed=\"300\" id=\"eael-advance-tabs-462a1c0\" class=\"eael-advance-tabs eael-tabs-horizontal eael-tab-auto-active \" data-tabid=\"462a1c0\">\n            <div class=\"eael-tabs-nav \">\n                <ul class=\"\" role=\"tablist\">\n                                            <li id=\"insignia-dos-ciudades\" class=\"active-default eael-tab-item-trigger eael-tab-nav-item\" aria-selected=\"true\" data-tab=\"1\" role=\"tab\" tabindex=\"0\" aria-controls=\"insignia-dos-ciudades-tab\" aria-expanded=\"false\">\n                            \n                            \n                            \n                                                            <span class=\"eael-tab-title title-after-icon\" >Insignia dos ciudades<\/span>                                                    <\/li>\n                                            <li id=\"los-andes\" class=\" eael-tab-item-trigger eael-tab-nav-item\" aria-selected=\"false\" data-tab=\"2\" role=\"tab\" tabindex=\"-1\" aria-controls=\"los-andes-tab\" aria-expanded=\"false\">\n                            \n                            \n                            \n                                                            <span class=\"eael-tab-title title-after-icon\" >Los Andes<\/span>                                                    <\/li>\n                                            <li id=\"insignia-un-color\" class=\"inactive eael-tab-item-trigger eael-tab-nav-item\" aria-selected=\"false\" data-tab=\"3\" role=\"tab\" tabindex=\"-1\" aria-controls=\"insignia-un-color-tab\" aria-expanded=\"false\">\n                            \n                            \n                            \n                                                            <span class=\"eael-tab-title title-after-icon\" >Insignia un color<\/span>                                                    <\/li>\n                    \n                                  <\/ul>\n            <\/div>\n            \n            <div class=\"eael-tabs-content\">\n\t\t        \n                    <div id=\"insignia-dos-ciudades-tab\" class=\"clearfix eael-tab-content-item active-default\" data-title-link=\"insignia-dos-ciudades-tab\">\n\t\t\t\t        Esta insignia se debe utilizar para documentos o instancias en que se represente a la instituci\u00f3n de manera corporativa, donde se mencione a ambas ciudades. INSTRUCCIONES: Para descargar la insignia hacer click en ella y luego, con el bot\u00f3n derecho del mouse, guardar en carpeta deseada.\n\n&nbsp;\n\n<img decoding=\"async\" data-src=\"https:\/\/www.liceomixto.cl\/losandes\/wp-content\/uploads\/2020\/04\/INSIGNIA_LPM-225x300-1.jpg\" alt=\"\" width=\"150\" height=\"auto\" class=\"aligncenter wp-image-1288 size-full lazyload\" src=\"data:image\/svg+xml;base64,PHN2ZyB3aWR0aD0iMSIgaGVpZ2h0PSIxIiB4bWxucz0iaHR0cDovL3d3dy53My5vcmcvMjAwMC9zdmciPjwvc3ZnPg==\" style=\"--smush-placeholder-width: 225px; --smush-placeholder-aspect-ratio: 225\/300;\" \/>                    <\/div>\n\t\t        \n                    <div id=\"los-andes-tab\" class=\"clearfix eael-tab-content-item \" data-title-link=\"los-andes-tab\">\n\t\t\t\t        Esta es la insignia oficial del Liceo Particular Mixto Los Andes. Para descargar la insignia hacer click en ella y luego, con el bot\u00f3n derecho del mouse, guardar en carpeta deseada.\n\n                    <\/div>\n\t\t        \n                    <div id=\"insignia-un-color-tab\" class=\"clearfix eael-tab-content-item inactive\" data-title-link=\"insignia-un-color-tab\">\n\t\t\t\t        Esta insignia se puede utilizar para documentos que se imprimir\u00e1n en negro, o escala de grises. Para descargar la insignia hacer click en ella y luego, con el bot\u00f3n derecho del mouse, guardar en carpeta deseada.\n\n                    <\/div>\n\t\t                    <\/div>\n        <\/div>\n\t\t\t\t<\/div>\n\t\t\t\t<\/div>\n\t\t\t\t\t<\/div>\n\t\t<\/div>\n\t\t\t\t<div class=\"elementor-column elementor-col-33 elementor-top-column elementor-element elementor-element-46b9e8a2\" data-id=\"46b9e8a2\" data-element_type=\"column\" data-e-type=\"column\">\n\t\t\t<div class=\"elementor-widget-wrap elementor-element-populated\">\n\t\t\t\t\t\t\t<\/div>\n\t\t<\/div>\n\t\t\t\t\t<\/div>\n\t\t<\/section>\n\t\t\t\t<\/div>\n\t\t","protected":false},"excerpt":{"rendered":"<p>Insignia En esta p\u00e1gina podr\u00e1s ver y descargar la insignia oficial de nuestra instituci\u00f3n. Hay versiones a todo color y en monotono (un color). Para ser utilizadas en impresos, se deben transformar al sistema CMYK, con un editor de im\u00e1genes. Para acceder a cada una de ellas hacer click en [&hellip;]<\/p>\n","protected":false},"author":5,"featured_media":0,"parent":0,"menu_order":0,"comment_status":"closed","ping_status":"closed","template":"elementor_header_footer","meta":{"_acf_changed":false,"_monsterinsights_skip_tracking":false,"_monsterinsights_sitenote_active":false,"_monsterinsights_sitenote_note":"","_monsterinsights_sitenote_category":0,"footnotes":""},"class_list":["post-772","page","type-page","status-publish","hentry"],"acf":[],"_links":{"self":[{"href":"https:\/\/www.liceomixto.cl\/losandes\/wp-json\/wp\/v2\/pages\/772","targetHints":{"allow":["GET"]}}],"collection":[{"href":"https:\/\/www.liceomixto.cl\/losandes\/wp-json\/wp\/v2\/pages"}],"about":[{"href":"https:\/\/www.liceomixto.cl\/losandes\/wp-json\/wp\/v2\/types\/page"}],"author":[{"embeddable":true,"href":"https:\/\/www.liceomixto.cl\/losandes\/wp-json\/wp\/v2\/users\/5"}],"replies":[{"embeddable":true,"href":"https:\/\/www.liceomixto.cl\/losandes\/wp-json\/wp\/v2\/comments?post=772"}],"version-history":[{"count":18,"href":"https:\/\/www.liceomixto.cl\/losandes\/wp-json\/wp\/v2\/pages\/772\/revisions"}],"predecessor-version":[{"id":1778,"href":"https:\/\/www.liceomixto.cl\/losandes\/wp-json\/wp\/v2\/pages\/772\/revisions\/1778"}],"wp:attachment":[{"href":"https:\/\/www.liceomixto.cl\/losandes\/wp-json\/wp\/v2\/media?parent=772"}],"curies":[{"name":"wp","href":"https:\/\/api.w.org\/{rel}","templated":true}]}}