{"id":767,"date":"2020-04-21T11:55:57","date_gmt":"2020-04-21T14:55:57","guid":{"rendered":"http:\/\/www.liceomixto.cl\/sanfelipe\/?page_id=767"},"modified":"2025-10-22T16:21:20","modified_gmt":"2025-10-22T19:21:20","slug":"reglamento-interno-evaluacion","status":"publish","type":"page","link":"https:\/\/www.liceomixto.cl\/sanfelipe\/reglamento-interno-evaluacion\/","title":{"rendered":"Reglamento Interno Evaluaci\u00f3n"},"content":{"rendered":"<ul>\n<li><a href=\"https:\/\/www.liceomixto.cl\/documentos\/rice14879sf.pdf\">RICE Reglamento Interno de Convivencia Escolar<\/a><\/li>\n<li><a href=\"https:\/\/www.liceomixto.cl\/documentos\/pisemsf.pdf\">PISE PLAN INTEGRAL DE SEGURIDAD ESCOLAR<\/a><\/li>\n<li><a href=\"https:\/\/www.liceomixto.cl\/documentos\/Reglamentoevaluacion_msf.pdf\">Protocolo de Evaluaci\u00f3n y Promoci\u00f3n Escolar<\/a><\/li>\n<li><a href=\"https:\/\/www.liceomixto.cl\/documentos\/Protocoloacoso.pdf\">Protocolo de Prevenci\u00f3n del acoso sexual, laboral y la violencia en el trabajo<\/a><\/li>\n<li><a href=\"https:\/\/www.liceomixto.cl\/documentos\/RIOHSleyKarin.pdf\">Reglamento Interno de Orden, Higiene y Seguridad<\/a><\/li>\n<li><a href=\"https:\/\/www.liceomixto.cl\/documentos\/Reglamento_InvestigacionSanci.pdf\">Reglamento de Investigaci\u00f3n y Sanciones acoso laboral, sexual y violencia en el trabajo <\/a><\/li>\n<\/ul>\n","protected":false},"excerpt":{"rendered":"<p>RICE Reglamento Interno de Convivencia Escolar PISE PLAN INTEGRAL DE SEGURIDAD ESCOLAR Protocolo de Evaluaci\u00f3n y Promoci\u00f3n Escolar Protocolo de Prevenci\u00f3n del acoso sexual, laboral y la violencia en el trabajo Reglamento Interno de Orden, Higiene y Seguridad Reglamento de Investigaci\u00f3n y Sanciones acoso laboral, sexual y violencia en el [&hellip;]<\/p>\n","protected":false},"author":4,"featured_media":0,"parent":0,"menu_order":0,"comment_status":"closed","ping_status":"closed","template":"","meta":{"footnotes":""},"_links":{"self":[{"href":"https:\/\/www.liceomixto.cl\/sanfelipe\/wp-json\/wp\/v2\/pages\/767"}],"collection":[{"href":"https:\/\/www.liceomixto.cl\/sanfelipe\/wp-json\/wp\/v2\/pages"}],"about":[{"href":"https:\/\/www.liceomixto.cl\/sanfelipe\/wp-json\/wp\/v2\/types\/page"}],"author":[{"embeddable":true,"href":"https:\/\/www.liceomixto.cl\/sanfelipe\/wp-json\/wp\/v2\/users\/4"}],"replies":[{"embeddable":true,"href":"https:\/\/www.liceomixto.cl\/sanfelipe\/wp-json\/wp\/v2\/comments?post=767"}],"version-history":[{"count":42,"href":"https:\/\/www.liceomixto.cl\/sanfelipe\/wp-json\/wp\/v2\/pages\/767\/revisions"}],"predecessor-version":[{"id":6893,"href":"https:\/\/www.liceomixto.cl\/sanfelipe\/wp-json\/wp\/v2\/pages\/767\/revisions\/6893"}],"wp:attachment":[{"href":"https:\/\/www.liceomixto.cl\/sanfelipe\/wp-json\/wp\/v2\/media?parent=767"}],"curies":[{"name":"wp","href":"https:\/\/api.w.org\/{rel}","templated":true}]}}